e the remainder when 200009 is divided by 125.
9
What is the remainder when 156307 is divided by 31258?
17
Calculate the remainder when 869 is divided by 423.
23
What is the remainder when 288821 is divided by 288814?
7
What is the remainder when 21617 is divided by 327?
35
Calculate the remainder when 976 is divided by 27.
4
What is the remainder when 18919 is divided by 18917?
2
What is the remainder when 2851 is divided by 794?
469
Calculate the remainder when 2361 is divided by 835.
691
What is the remainder when 100762 is divided by 14?
4
Calculate the remainder when 44521 is divided by 17.
15
Calculate the remainder when 12605 is divided by 1001.
593
Calculate the remainder when 2006 is divided by 89.
48
Calculate the remainder when 2343 is divided by 917.
509
Calculate the remainder when 71408 is divided by 107.
39
Calculate the remainder when 8371 is divided by 26.
25
What is the remainder when 736 is divided by 352?
32
What is the remainder when 12829 is divided by 5?
4
Calculate the remainder when 33005 is divided by 209.
192
What is the remainder when 1129761 is divided by 514?
503
What is the remainder when 53334 is divided by 53329?
5
What is the remainder when 2288 is divided by 1119?
50
What is the remainder when 388104 is divided by 1931?
1904
What is the remainder when 26354 is divided by 1124?
502
What is the remainder when 671990 is divided by 11?
0
What is the remainder when 18970 is divided by 619?
400
Calculate the remainder when 17321 is divided by 275.
271
What is the remainder when 169756 is divided by 36?
16
Calculate the remainder when 51271 is divided by 25.
21
What is the remainder when 4122 is divided by 4095?
27
Calculate the remainder when 66670 is divided by 43.
20
What is the remainder when 2138 is divided by 434?
402
What is the remainder when 2056 is divided by 201?
46
What is the remainder when 4139977 is divided by 52?
49
What is the remainder when 334507 is divided by 69?
64
Calculate the remainder when 421265 is divided by 241.
238
What is the remainder when 3298 is divided by 908?
574
Calculate the remainder when 4317984 is divided by 1153.
1152
Calculate the remainder when 3441 is divided by 719.
565
What is the remainder when 170383 is divided by 663?
655
What is the remainder when 233150 is divided by 18?
14
What is the remainder when 3410 is divided by 53?
18
Calculate the remainder when 24844 is divided by 4137.
22
Calculate the remainder when 334408 is divided by 71.
69
What is the remainder when 317588 is divided by 90?
68
Calculate the remainder when 7837 is divided by 1949.
41
Calculate the remainder when 3835 is divided by 1409.
1017
What is the remainder when 101980 is divided by 2913?
25
Calculate the remainder when 5899 is divided by 278.
61
What is the remainder when 15109 is divided by 3231?
2185
Calculate the remainder when 277552 is divided by 48.
16
What is the remainder when 8407 is divided by 600?
7
Calculate the remainder when 36765 is divided by 5251.
8
What is the remainder when 98886 is divided by 51?
48
Calculate the remainder when 42975 is divided by 5312.
479
Calculate the remainder when 5194 is divided by 40.
34
Calculate the remainder when 7240 is divided by 1444.
20
Calculate the remainder when 161572 is divided by 14.
12
Calculate the remainder when 1710 is divided by 436.
402
Calculate the remainder when 16797 is divided by 3354.
27
Calculate the remainder when 20450 is divided by 817.
25
What is the remainder when 1608 is divided by 33?
24
What is the remainder when 35081 is divided by 17490?
101
Calculate the remainder when 23051 is divided by 7682.
5
What is the remainder when 2029 is divided by 20?
9
Calculate the remainder when 527 is divided by 53.
50
Calculate the remainder when 12474 is divided by 260.
254
What is the remainder when 1889 is divided by 49?
27
What is the remainder when 15515 is divided by 36?
35
Calculate the remainder when 84710 is divided by 11.
10
Calculate the remainder when 126488 is divided by 11.
10
Calculate the remainder when 28958 is divided by 579.
8
What is the remainder when 27394 is divided by 33?
4
What is the remainder when 44695 is divided by 1722?
1645
Calculate the remainder when 10283 is divided by 251.
243
What is the remainder when 1213 is divided by 861?
352
Calculate the remainder when 1751134 is divided by 111.
109
Calculate the remainder when 20107 is divided by 119.
115
What is the remainder when 19172 is divided by 20?
12
Calculate the remainder when 4156 is divided by 97.
82
Calculate the remainder when 110440 is divided by 12.
4
Calculate the remainder when 51121 is divided by 25552.
17
What is the remainder when 247696 is divided by 107?
98
What is the remainder when 604 is divided by 247?
110
What is the remainder when 809 is divided by 665?
144
Calculate the remainder when 9687 is divided by 346.
345
Calculate the remainder when 1536 is divided by 423.
267
What is the remainder when 60579 is divided by 324?
315
Calculate the remainder when 182718 is divided by 465.
438
Calculate the remainder when 3248 is divided by 1470.
308
Calculate the remainder when 72 is divided by 62.
10
What is the remainder when 107005 is divided by 42?
31
What is the remainder when 931 is divided by 48?
19
Calculate the remainder when 16906 is divided by 740.
626
What is the remainder when 1632 is divided by 5?
2
What is the remainder when 5022 is divided by 648?
486
What is the remainder when 28269 is divided by 9408?
45
What is the remainder when 4681 is divided by 107?
80
Calculate the remainder when 983 is divided by 957.
26
What is the remainder when 2533 is divided by 177?
55
What is the remainder when 4013 is divided by 22?
9
Calculate the remainder when 82972 is divided by 99.
10
What is the remainder when 24930 is divided by 1659?
45
What is the remainder when 2954 is divided by 434?
350
What is the remainder when 11039 is divided by 962?
457
What is the remainder when 364499 is divided by 243?
242
Calculate the remainder when 1710 is divided by 1014.
696
Calculate the remainder when 262 is divided by 43.
4
What is the remainder when 49659 is divided by 93?
90
Calculate the remainder when 3194 is divided by 187.
15
Calculate the remainder when 2286 is divided by 192.
174
Calculate the remainder when 163581 is divided by 163576.
5
What is the remainder when 4798 is divided by 96?
94
Calculate the remainder when 161255 is divided by 47.
45
What is the remainder when 300607 is divided by 61?
60
What is the remainder when 2874 is divided by 595?
494
What is the remainder when 180866 is divided by 298?
278
Calculate the remainder when 4730 is divided by 238.
208
Calculate the remainder when 921302 is divided by 35.
32
What is the remainder when 10126 is divided by 111?
25
Calculate the remainder when 239973 is divided by 88.
85
What is the remainder when 8388 is divided by 4176?
36
Calculate the remainder when 379881 is divided by 938.
929
Calculate the remainder when 3955 is divided by 36.
31
Calculate the remainder when 4468 is divided by 34.
14
Calculate the remainder when 200996 is divided by 20.
16
What is the remainder when 115110 is divided by 57519?
72
What is the remainder when 18003 is divided by 22?
7
Calculate the remainder when 234339 is divided by 277.
274
What is the remainder when 1921 is divided by 16?
1
What is the remainder when 3085 is divided by 980?
145
What is the remainder when 2296238 is divided by 80?
78
Calculate the remainder when 1569982 is divided by 272.
270
Calculate the remainder when 65730 is divided by 20.
10
What is the remainder when 71046 is divided by 8878?
22
What is the remainder when 18709 is divided by 18709?
0
What is the remainder when 4509 is divided by 163?
108
What is the remainder when 49907 is divided by 141?
134
Calculate the remainder when 686 is divided by 230.
226
What is the remainder when 11994 is divided by 998?
18
What is the remainder when 5570 is divided by 1?
0
Calculate the remainder when 444431 is divided by 48.
47
Calculate the remainder when 125380 is divided by 195.
190
Calculate the remainder when 448287 is divided by 1388.
1351
What is the remainder when 14413 is divided by 121?
14
Calculate the remainder when 4736 is divided by 140.
116
Calculate the remainder wh